 b - 8. Let w(l) = -a(l) + m(l). Let x be w(5). Let r = x + -2. Calculate the highest common factor of r and 10.
5
Let u = 4 + -3. Let h be ((-18)/1)/(u/(-14)). Suppose -c - 34 = 7*l, -80 = -2*c + l + 2. What is the greatest common divisor of h and c?
36
Let g(c) = -5*c + 14. Let b(a) = -5*a + 14. Let s(h) = -3*b(h) + 2*g(h). Let j be s(7). What is the highest common factor of j and 105?
21
Suppose 1170 = 6*f + 7*f. Calculate the greatest common factor of 50 and f.
10
Let w be (2 - -8) + 5 + -3. Suppose -2*g + 68 = c - 0*g, -3*g = -w. What is the greatest common divisor of c and 24?
12
Let f = 55 + -32. Suppose 0 = -4*t + f + 29. Let s be (-1 - 27)*t/(-4). What is the greatest common divisor of 13 and s?
13
Let s(v) = -v - 1. Let d(f) = 4*f - 48. Let k(q) = -d(q) - 3*s(q). Let l be k(10). Calculate the greatest common factor of 287 and l.
41
Let q be (13/(260/(-35)) - -4)*12/9. Suppose 2*l - 44 - 4 = 0. Calculate the highest common factor of l and q.
3
Suppose 3*r + 58 = 19. Let y = -8 - r. Suppose 4*a - 4 = y*m + 81, 3*m = -4*a + 77. What is the highest common factor of a and 20?
20
Suppose -3*k + 7 = -2*k. Let d(s) = -s**3 + 8*s - 4. Let o be d(-4). Calculate the greatest common factor of o and k.
7
Suppose b = -0*b - 1. Let h(r) = 4*r**3 + 2*r**2 + r. Let t be h(b). Let y be -1*(-25 + t + 1). What is the greatest common divisor of 3 and y?
3
Let c be 4 + 3/(3 - 6). Suppose -13 = -c*x - 4. Suppose -5*r = 0, -h - x*r - 2 + 18 = 0. Calculate the greatest common divisor of h and 112.
16
Let b(v) = 26*v**2 + 18*v - 119. Let a be b(5). What is the greatest common factor of a and 54?
27
Let a = -217 + 233. What is the greatest common divisor of a and 1?
1
Let g = 31 + -10. Let i(s) = g*s**2 - 2*s + 3 - 4 + 2 + 0*s. Let k be i(1). What is the highest common divisor of 4 and k?
4
Let g(i) = -34*i**3 - i**2 - 3*i - 2. Suppose 10*s - 2*s + 8 = 0. Let a be g(s). What is the greatest common divisor of 102 and a?
34
Let y = -3 - -10. Let u = -13 + 13. Suppose -5*g + u*n = 3*n - 397, -2*n = g - 85. Calculate the highest common factor of g and y.
7
Suppose -24*n + 930 = 4*k - 22*n, -3*n + 245 = k. What is the greatest common factor of k and 10?
10
Let h be (32 + (-8 - -15))*8/6. Let v be (-4)/2 + 3*5. Calculate the greatest common factor of h and v.
13
Suppose 3*u + f - 361 = 617, -326 = -u + f. Let m = u + -110. What is the highest common divisor of 27 and m?
27
Let j(i) = 152*i - 306. Let l be j(8). Calculate the highest common divisor of 35 and l.
35
Suppose 5*o = -0 + 5. Suppose -o - 9 = -u. Suppose 0 = -0*x + x - 3*p - 2, -4*p + u = 5*x. What is the highest common factor of x and 16?
2
Suppose 4*b - 22 = -k, -5*k = -3*b + 7*b - 46. What is the greatest common factor of k and 15?
3
Suppose 0*x + 23 = 2*f + 3*x, 3*x = 4*f - 19. Let z = f - 2. Suppose 39 = 3*y - t, -34 = -z*y + 3*t + 35. What is the greatest common divisor of 18 and y?
6
Let z(y) = -y + 10. Let m be z(5). Suppose 7 = 5*v + 2*h, -3 + 4 = m*v - 4*h. Let q be (v - -3)*10/4. Calculate the highest common factor of 10 and q.
10
Suppose 14*d + 2*d - 32 = 0. Let t(c) = c**2 + 22*c - 9. Let g be t(-23). Calculate the greatest common factor of g and d.
2
Let n(t) = 41*t**3 - 2*t**2 + 1. Let g be n(1). Suppose 0 = -3*w - 8 + 20. Suppose -2*p + w*p = g. What is the greatest common factor of 10 and p?
10
Let d be 2/(-4)*(-2 + (-16)/4). Let j = d + 0. Calculate the highest common factor of j and 3.
3
Suppose -148 = -3*l + 2*i, -55*l + 5*i - 228 = -59*l. Calculate the highest common factor of 40 and l.
4
Let t = 12 - 9. Suppose 0 = -4*m + 3 + 9, t*h - 5*m = 51. Calculate the greatest common divisor of 198 and h.
22
Let h be 246/(-4)*(-12 + (-156)/(-18)). Calculate the highest common factor of h and 82.
41
Suppose -6649 - 3431 = -72*i. What is the highest common factor of i and 180?
20
Let d(m) = 25*m - 678. Let r be d(42). What is the highest common factor of r and 24?
12
Let c(u) = -14*u - u**2 + 3 - 2 + 7 - 1. Suppose -4*x + f - 3*f - 36 = 0, -5*x + 5*f = 75. Let y be c(x). Calculate the greatest common factor of 10 and y.
10
Let v = -387 - -645. Calculate the greatest common divisor of 430 and v.
86
Suppose -m + 4*g + 6 = -21, -5*g - 18 = m. Let k(v) = 3*v**2 + 25*v + 22. Let f be k(-8). Calculate the highest common factor of m and f.
7
Let c be 42/7 - (-12 + -4). Calculate the greatest common divisor of c and 121.
11
Let s = 46 - -20. Let z(w) = -5*w**3 + 4*w**2 + 2*w. Let a be z(-3). Calculate the highest common factor of a and s.
33
Let y be (30/(-45))/(((-4)/(-3))/2). Let a be ((-168)/(-10) - y) + 16/(-20). What is the highest common divisor of 17 and a?
17
Let j(i) = i + 1. Let o be j(-2). Let l = 1 - o. Suppose 52 = 4*q + 4*y, y - 19 = -q - l*y. What is the greatest common divisor of 10 and q?
10
Suppose -177*d + 504 = -156*d. Calculate the greatest common divisor of 56 and d.
8
Suppose 20*n = 113 + 347. Let h = 459 + -275. Calculate the highest common factor of h and n.
23
Let c = -783 + 829. What is the greatest common divisor of c and 1058?
46
Suppose t = -t + 674. Suppose 0 = -5*s + t + 203. What is the greatest common divisor of s and 12?
12
Let h(k) = -6*k - 2. Let j be h(-2). Let f = j + 2. Calculate the greatest common factor of 84 and f.
12
Let p be (14/(-21))/(2/15). Let v = 20 - p. Suppose v = -5*q + 65. Calculate the greatest common divisor of q and 88.
8
Suppose 9*p - 1327 = 1985. Suppose 9*r - 11*r + p = 0. Calculate the highest common divisor of 23 and r.
23
Suppose 4*d + 0*l = l + 702, 0 = 2*d - 5*l - 360. Suppose 4*b - 4*f - 140 = 0, -5*b + 6*f = 2*f - d. Calculate the highest common factor of 14 and b.
7
Suppose -4*w = -2*l + 994, -2*w = -4*l - 994 + 2970. What is the greatest common divisor of 119 and l?
17
Let q(l) = -l + 15. Let d(r) = -7*r - 43. Let u be d(-8). Let c be q(u). Calculate the greatest common divisor of 16 and c.
2
Let g be (0 - -1)/(17/68). Suppose -7*r + g*r = 9. Let t be r + 10 + (0 - -3). What is the greatest common divisor of 25 and t?
5
Let d be -10*1*(-8)/5. Let v = -270 + 398. Calculate the greatest common divisor of v and d.
16
Suppose 4*a = 348 + 272. Let v = a + -111. What is the highest common factor of 4 and v?
4
Suppose 3*x = x + 4, k = x + 92. Suppose 0 = -i + 5*d + 16, i - 5*d - k = -3*i. Let h = -4 + 69. Calculate the greatest common factor of h and i.
13
Let r be 406/116*(-8)/(-1). Calculate the greatest common divisor of r and 896.
28
Suppose 5 = -2*i + 19. Let h(r) = r**2 - 7*r + 4. Let u be h(i). Suppose -g + 37 = p - 0*p, 0 = -p - u*g + 46. What is the highest common factor of p and 17?
17
Let m = 14 - 8. Suppose 18*i = 10*i + 24. Calculate the highest common factor of i and m.
3
Let z be (32 + 7)/(2 + (-7)/2). Let p = 36 + z. Let b be ((-2)/(-2))/((-2)/(-4)). Calculate the greatest common factor of p and b.
2
Let g = 371 - -244. What is the greatest common factor of g and 30?
15
Let r be (104/39)/(3/180). What is the highest common divisor of 64 and r?
32
Let y(u) = 21*u**2 + u. Let f be y(-1). Suppose 5*p + g = 194, 2*g + 27 = 3*p - 92. Let d = p - 9. What is the greatest common divisor of d and f?
10
Let z(v) = 5*v + 32. Let j be z(-6). Suppose 2*w + 17 + 11 = 4*a, -j*a = -4*w - 2. What is the highest common factor of 45 and a?
9
Let m(h) = -26*h - 35. Let b be m(-6). What is the greatest common divisor of b and 22?
11
Let x = -205 - -423. What is the greatest common factor of 327 and x?
109
Let f(z) = z**3 + 11*z**2 - 15*z - 3. Let h be f(-11). Calculate the highest common divisor of 594 and h.
54
Let g be (20/6)/((-1)/(-9)). Let h(p) = p**2 - 22*p + 95. Let t be h(17). Calculate the greatest common factor of g and t.
10
Let y = -1762 + 1846. What is the greatest common factor of y and 35?
7
Let j(z) = 77*z - 87. Let g be j(3). What is the greatest common factor of g and 45?
9
Let h(r) = r**3 - 5*r**2 - 18*r + 8. Let m be h(7). Let z be m/(-2)*(-4)/(-8). Suppose 10*l = z*l + 40. What is the highest common divisor of 8 and l?
8
Let j = -243 + 459. Let g be 1722/82 - (-2 + -1). What is the highest common divisor of g and j?
24
Suppose -150 = 10*f - 8*f. Let v = f - -81. Let r(z) = z**3 - 4*z**2 + 2*z - 2. Let w be r(4). What is the greatest common divisor of w and v?
6
Let o = 960 + -958. Let v = -9 + 17. What is the highest commo